{"id":628,"date":"2020-01-30T14:49:50","date_gmt":"2020-01-30T13:49:50","guid":{"rendered":"http:\/\/www.weinclubalstertal.de\/?page_id=628"},"modified":"2020-01-30T14:51:04","modified_gmt":"2020-01-30T13:51:04","slug":"datenschutz","status":"publish","type":"page","link":"http:\/\/www.weinclubalstertal.de\/?page_id=628","title":{"rendered":"Datenschutz"},"content":{"rendered":"\n<h3 class=\"wp-block-heading\">Datenschutzerkl\u00e4rung<\/h3>\n\n\n\n<p>Bei der Nutzung der Webseite www.weinclubalstertal.de kann es zur Verarbeitung von personenbezogenen Daten kommen.<\/p>\n\n\n\n<h5 class=\"wp-block-heading\">Namen und Kontaktdaten des Verantwortlichen f\u00fcr die Datenerhebung<\/h5>\n\n\n\n<p>Claudia Maria Biermann<br>Deliusweg 3<br>22391 Hamburg<br>T + 49 (0) 170 \/ 810 37 54<br>F + 49 (0) 40 \/ 27 80 67 74<\/p>\n\n\n\n<h5 class=\"wp-block-heading\">Erhebung und Speicherung personenbezogenen Daten<\/h5>\n\n\n\n<p>Personenbezogene Daten sind nach \u00a7 4 Nr. 1 DS-GVO alle Informationen, die sich auf eine identifizierte oder identifizierbare nat\u00fcrliche Person beziehen. Dies k\u00f6nnen z. B. Ihr Name oder Ihre Anschrift sein, aber auch Daten, die eine weitere Zuordnung ben\u00f6tigen k\u00f6nnen personenbezogen sein z. B. eine Telefonnummer oder eine IP-Adresse.<\/p>\n\n\n\n<p>Diese Daten werden nur verarbeitet, also erhoben, genutzt und gegebenenfalls weitergegeben, sofern dies per Gesetz ausdr\u00fccklich erlaubt ist oder Sie als Benutzer in die Verarbeitung der Daten eingewilligt haben. Die Regelungen zur Rechtm\u00e4\u00dfigkeit der Verarbeitung finden Sie in Art. 6 DS-GVO. M\u00f6glich ist die Verarbeitung personenbezogener Daten mit Ihrer Einwilligung nach Art. 6 Abs. 1 S. 1 lit. &nbsp;a DS-GVO, die&nbsp;Verarbeitung personenbezogener Daten zur Erf\u00fcllung eines Vertrags, dessen Vertragspartei Sie sind oder auf Ihre Anfrage zur Durchf\u00fchrung vorvertraglicher Ma\u00dfnahmen gem\u00e4\u00df Art. 6 Abs. 1 S. 1 lit. b DS-GVO oder zur Erf\u00fcllung einer rechtlichen Verpflichtung (Art. 6 Abs.1 S. 1 lit. c DS-GVO). Ebenfalls rechtm\u00e4\u00dfig ist die&nbsp;Verarbeitung personenbezogener Daten, wenn sie zur Wahrung berechtigter Interessen erforderlich ist, sofern nicht Ihre Interessen oder Grundrechte und Grundfreiheiten, die den Schutz personenbezogener Daten erfordern, \u00fcberwiegen (Art. 6 Abs. 1 S. 1 lit. f DS-GVO).<\/p>\n\n\n\n<h5 class=\"wp-block-heading\">Server-Log-Files<\/h5>\n\n\n\n<p>Sobald Sie die Webseite weinclubalstertal.de \u00f6ffnen, werden automatisch Informationen erfasst, die Ihr Browser an den von weinclubalstertal.de genutzten Server \u00fcbermittelt. Hierbei handelt es sich um sog. Server-Log-Files, die keine R\u00fcckschl\u00fcsse auf den Benutzer zulassen. Erfasst werden standardm\u00e4\u00dfig: Browsertyp\/ -version, verwendetes Betriebssystem, aufgerufene Seite, die zuvor besuchte Seite (Referrer URL), IP-Adresse, Datum und Uhrzeit der Serveranfrage und HTTP-Statuscode.\u00a0Ohne diese Daten ist es technisch nicht m\u00f6glich, die Inhalte der Webseite darzustellen. Die Erfassung der Daten sind zwingend zur technischen Verwaltung und der Sicherheit der Webseite notwendig.<\/p>\n\n\n\n<h5 class=\"wp-block-heading\">Cookies<\/h5>\n\n\n\n<p>Auf der Webseite der weinclubalstertal.de werde Cookies verwendet. Cookies sind Daten, die durch Ihren Browser auf Ihrem Rechner gespeichert werden. Dadurch ist es m\u00f6glich, eine Analyse der Benutzung der Website \u00a0durchzuf\u00fchren und die Webseite benutzerfreundlich im Ablauf zu gestalten. Sie sind daher zum Betrieb der Webseite erforderlich und dienen der Sicherheit. Eine Erfassung der Identit\u00e4t der Nutzer findet dabei nicht statt. Ihr Webbrowser kann so eingestellt werden, dass das Speichern von Cookies deaktiviert wird oder Sie im Einzelfall das Speichern ablehnen k\u00f6nnen. Mehr Informationen zu Cookies und dem Umgang mit ihnen erhalten Sie beim\u00a0<a rel=\"noreferrer noopener\" href=\"https:\/\/www.bsi-fuer-buerger.de\/\" target=\"_blank\">Bundesamt f\u00fcr Sicherheit in der Informationstechnik<\/a>. Sofern es durch die Verwendung von Cookies zu einer Verarbeitung personenbezogener Daten kommen sollte, ergibt sich die Rechtm\u00e4\u00dfigkeit dieser Datenverarbeitung aus Art. 6 Abs.1 S. 1 lit. f DS-GVO. Es besteht ein berechtigtes Interesse die Webseite f\u00fcr die Nutzer anwenderfreundlich und sicher zu gestalten.<\/p>\n\n\n\n<h5 class=\"wp-block-heading\">Google Web Fonts<\/h5>\n\n\n\n<p>Auf der Internetseite weinclubalstertal.de werden externe Schriften verwendet, die sog. Google Fonts. Dabei handelt es sich um einen Dienst von Google LLC. Ein Vorteil von Web Fonts, \u00a0ist eine verbesserte Ladezeit.\u00a0Zur Nutzung der Google Fonts ist eine Verarbeitung Ihrer IP-Adresse technisch notwendig. Ihre IP-Adresse wird dazu an Google \u00fcbermittelt. Diese Datenverarbeitungen findet ihre Rechtsgrundlage in Art. 6 Abs. 1 S. 1 lit. f DS-GVO. Es besteht hierzu ein berechtigtes Interesses, da damit die Webseite optimal l\u00e4uft und dargestellt werden kann. Weitere Informationen finden Sie bei\u00a0<a rel=\"noreferrer noopener\" href=\"https:\/\/fonts.google.com\/about\" target=\"_blank\">Google Fonts<\/a>\u00a0und der\u00a0<a rel=\"noreferrer noopener\" href=\"https:\/\/policies.google.com\/privacy\" target=\"_blank\">Datenschutzerkl\u00e4rung von Google<\/a>. Au\u00dferdem ist Google nach dem Privacy-Shield-Abkommen zertifiziert und bietet dadurch ein angemessenes Datenschutzniveau. N\u00e4heres hierzu finden Sie unter\u00a0<a rel=\"noreferrer noopener\" href=\"https:\/\/www.privacyshield.gov\/participant?id=a2zt000000001L5AAI&amp;status=Active\" target=\"_blank\">https:\/\/www.privacyshield.gov\/participant?id=a2zt000000001L5AAI&amp;status=Active<\/a>.<\/p>\n\n\n\n<h5 class=\"wp-block-heading\">Speicherdauer<\/h5>\n\n\n\n<p>Ihre Daten werden nur solange gespeichert, wie es zur Erreichung des Verarbeitungszwecks oder f\u00fcr die Erf\u00fcllung der vertraglichen oder gesetzlichen Pflichten erforderlich ist.<\/p>\n\n\n\n<h5 class=\"wp-block-heading\">Dienstleister<\/h5>\n\n\n\n<p>Die Verarbeitung der Daten erfolgt auf den Servern technischer Dienstleister.<\/p>\n\n\n\n<h5 class=\"wp-block-heading\">Ihre Rechte als Betroffener<\/h5>\n\n\n\n<p>Sie haben gem\u00e4\u00df Art. 15 DS-GVO das Recht, Auskunft dar\u00fcber zu Verlangen\u00a0ob \u00fcber Sie personenbezogene Daten verarbeitet werden und falls dies der Fall ist, Auskunft\u00a0\u00fcber Ihre verarbeiteten personenbezogenen Daten zu verlangen. Insbesondere k\u00f6nnen Sie Auskunft \u00fcber die Verarbeitungszwecke, die Kategorie der personenbezogenen Daten,\u00a0die geplante Speicherdauer, die Herkunft ihrer Daten, sofern diese nicht bei der weinclubalstertal.de \u00a0erhoben wurden, sowie \u00fcber das Bestehen einer automatisierten Entscheidungsfindung einschlie\u00dflich Profiling und ggf. aussagekr\u00e4ftigen Informationen zu deren Einzelheiten verlangen. Die weinclubalstertal.de nutzt keine\u00a0vollautomatisierte automatische Entscheidungsfindung i. S. v.\u00a0Art. 22 DS-GVO.<\/p>\n\n\n\n<p>Sie haben gem\u00e4\u00df Art. 16 DS-GVO das Recht , die Berichtigung unrichtiger oder die Vervollst\u00e4ndigung Ihrer personenbezogenen Daten zu verlangen.<\/p>\n\n\n\n<p>Sie haben gem\u00e4\u00df Art. 17 DS-GVO das Recht , die L\u00f6schung Ihrer gespeicherten personenbezogenen Daten zu verlangen, soweit nicht die Verarbeitung zur Aus\u00fcbung des Rechts auf freie Meinungs\u00e4u\u00dferung und Information, zur Erf\u00fcllung einer rechtlichen Verpflichtung, aus Gr\u00fcnden des \u00f6ffentlichen Interesses oder zur Geltendmachung, Aus\u00fcbung oder Verteidigung von Rechtsanspr\u00fcchen erforderlich ist.<\/p>\n\n\n\n<p>Sie haben gem\u00e4\u00df Art. 18 DS-GVO das Recht, die Einschr\u00e4nkung der Verarbeitung Ihrer personenbezogenen Daten zu verlangen.<\/p>\n\n\n\n<p>Sie haben gem\u00e4\u00df Art. 20 DS-GVO das Recht, Ihre personenbezogenen Daten, die Sie bereitgestellt haben, in einem strukturierten, g\u00e4ngigen und maschinenlesebaren Format zu erhalten und Sie haben au\u00dferdem das Recht diese Daten einem anderen Verantwortlichen zu \u00fcbermitteln und an den anderen Verantwortlichen \u00fcbermitteln zu lassen.<\/p>\n\n\n\n<p>Sie haben gem\u00e4\u00df Art. 7 Abs. 3 DS-GVO das Recht, Ihre einmal erteilte Einwilligung jederzeit  gg\u00fc. weinclubalstertal.de (Claudia Maria Biermann) \u00a0gegen\u00fcber zu widerrufen. Durch den Widerruf wird die Rechtm\u00e4\u00dfigkeit der aufgrund der Einwilligung bis zum Widerruf erfolgten Verarbeitung nicht ber\u00fchrt.<\/p>\n\n\n\n<p>Sie haben gem\u00e4\u00df Art. 21 Abs. 1 DS-GVO das Recht, gegen die Verarbeitung, die\u00a0aufgrund von Artikel 6 Abs. 1 lit. e oder lit. f erfolgt, Widerspruch einzulegen. Sofern der weinclubalstertal.de personenbezogene Daten \u00fcber Sie zum Zweck der Direktwerbung verarbeiten sollte, k\u00f6nnen Sie gegen diese Verarbeitung gem. Art. 21 Abs. 2 und Abs. 3 DS-GVO Widerspruch einlegen.<\/p>\n","protected":false},"excerpt":{"rendered":"<p>Datenschutzerkl\u00e4rung Bei der Nutzung der Webseite www.weinclubalstertal.de kann es zur Verarbeitung von personenbezogenen Daten kommen. Namen und Kontaktdaten des Verantwortlichen f\u00fcr die Datenerhebung Claudia Maria BiermannDeliusweg 322391 HamburgT + 49 (0) 170 \/ 810 37 54F + 49 (0) 40 \/ 27 80 67 74 Erhebung und Speicherung personenbezogenen Daten Personenbezogene Daten sind nach \u00a7 [&hellip;]<\/p>\n","protected":false},"author":1,"featured_media":0,"parent":0,"menu_order":0,"comment_status":"closed","ping_status":"closed","template":"","meta":{"footnotes":""},"class_list":["post-628","page","type-page","status-publish","hentry"],"_links":{"self":[{"href":"http:\/\/www.weinclubalstertal.de\/index.php?rest_route=\/wp\/v2\/pages\/628"}],"collection":[{"href":"http:\/\/www.weinclubalstertal.de\/index.php?rest_route=\/wp\/v2\/pages"}],"about":[{"href":"http:\/\/www.weinclubalstertal.de\/index.php?rest_route=\/wp\/v2\/types\/page"}],"author":[{"embeddable":true,"href":"http:\/\/www.weinclubalstertal.de\/index.php?rest_route=\/wp\/v2\/users\/1"}],"replies":[{"embeddable":true,"href":"http:\/\/www.weinclubalstertal.de\/index.php?rest_route=%2Fwp%2Fv2%2Fcomments&post=628"}],"version-history":[{"count":3,"href":"http:\/\/www.weinclubalstertal.de\/index.php?rest_route=\/wp\/v2\/pages\/628\/revisions"}],"predecessor-version":[{"id":631,"href":"http:\/\/www.weinclubalstertal.de\/index.php?rest_route=\/wp\/v2\/pages\/628\/revisions\/631"}],"wp:attachment":[{"href":"http:\/\/www.weinclubalstertal.de\/index.php?rest_route=%2Fwp%2Fv2%2Fmedia&parent=628"}],"curies":[{"name":"wp","href":"https:\/\/api.w.org\/{rel}","templated":true}]}}